{"id":419,"date":"2021-07-05T21:12:26","date_gmt":"2021-07-05T21:12:26","guid":{"rendered":"https:\/\/ot.com.br\/?page_id=419"},"modified":"2021-08-23T09:24:44","modified_gmt":"2021-08-23T12:24:44","slug":"sobre","status":"publish","type":"page","link":"https:\/\/ot.com.br\/index.php\/home-teste\/sobre\/","title":{"rendered":"Sobre"},"content":{"rendered":"\t\t<div data-elementor-type=\"wp-page\" data-elementor-id=\"419\" class=\"elementor elementor-419\" data-elementor-settings=\"[]\">\n\t\t\t\t\t\t\t<div class=\"elementor-section-wrap\">\n\t\t\t\t\t\t\t<section class=\"elementor-section elementor-top-section elementor-element elementor-element-435bb7cd elementor-section-full_width elementor-section-height-default elementor-section-height-default\" data-id=\"435bb7cd\" data-element_type=\"section\" data-settings=\"{&quot;background_background&quot;:&quot;gradient&quot;,&quot;sticky&quot;:&quot;top&quot;,&quot;sticky_on&quot;:[&quot;desktop&quot;,&quot;tablet&quot;,&quot;mobile&quot;],&quot;sticky_offset&quot;:0,&quot;sticky_effects_offset&quot;:0}\">\n\t\t\t\t\t\t<div class=\"elementor-container elementor-column-gap-default\">\n\t\t\t\t\t<div class=\"elementor-column elementor-col-100 elementor-top-column elementor-element elementor-element-3cca96cf\" data-id=\"3cca96cf\" data-element_type=\"column\">\n\t\t\t<div class=\"elementor-widget-wrap elementor-element-populated\">\n\t\t\t\t\t\t\t\t<div class=\"elementor-element elementor-element-4f7e8027 elementor-nav-menu__align-justify elementor-nav-menu--dropdown-tablet elementor-nav-menu__text-align-aside elementor-nav-menu--toggle elementor-nav-menu--burger elementor-widget elementor-widget-nav-menu\" data-id=\"4f7e8027\" data-element_type=\"widget\" data-settings=\"{&quot;layout&quot;:&quot;horizontal&quot;,&quot;submenu_icon&quot;:{&quot;value&quot;:&quot;fas fa-caret-down&quot;,&quot;library&quot;:&quot;fa-solid&quot;},&quot;toggle&quot;:&quot;burger&quot;}\" data-widget_type=\"nav-menu.default\">\n\t\t\t\t<div class=\"elementor-widget-container\">\n\t\t\t\t\t\t<nav migration_allowed=\"1\" migrated=\"0\" role=\"navigation\" class=\"elementor-nav-menu--main elementor-nav-menu__container elementor-nav-menu--layout-horizontal e--pointer-text e--animation-grow\"><ul id=\"menu-1-4f7e8027\" class=\"elementor-nav-menu\"><li class=\"menu-item menu-item-type-post_type menu-item-object-page menu-item-home menu-item-1065\"><a href=\"https:\/\/ot.com.br\/\" class=\"elementor-item\"><i class=\"_mi dashicons dashicons-admin-home\" aria-hidden=\"true\" style=\"font-size:2em;vertical-align:text-bottom;\"><\/i><span class=\"visuallyhidden\">Home<\/span><\/a><\/li>\n<li class=\"menu-item menu-item-type-post_type menu-item-object-page menu-item-1154\"><a href=\"https:\/\/ot.com.br\/index.php\/portifolio-teste\/\" class=\"elementor-item\">Portf\u00f3lio<\/a><\/li>\n<li class=\"menu-item menu-item-type-post_type menu-item-object-page menu-item-441\"><a href=\"https:\/\/ot.com.br\/index.php\/projetos-e-solucoes\/\" class=\"elementor-item\">Servi\u00e7os<\/a><\/li>\n<li class=\"menu-item menu-item-type-post_type menu-item-object-page menu-item-1128\"><a href=\"https:\/\/ot.com.br\/index.php\/clientes\/\" class=\"elementor-item\">Clientes<\/a><\/li>\n<li class=\"menu-item menu-item-type-post_type menu-item-object-page menu-item-438\"><a href=\"https:\/\/ot.com.br\/index.php\/home-teste\/parceiros\/\" class=\"elementor-item\">Parceiros<\/a><\/li>\n<li class=\"menu-item menu-item-type-post_type menu-item-object-page menu-item-433\"><a href=\"https:\/\/ot.com.br\/index.php\/home-teste\/sobre\/\" class=\"elementor-item\">Sobre<\/a><\/li>\n<li class=\"menu-item menu-item-type-post_type menu-item-object-page menu-item-435\"><a href=\"https:\/\/ot.com.br\/index.php\/login\/\" class=\"elementor-item\">Login<\/a><\/li>\n<\/ul><\/nav>\n\t\t\t\t\t<div class=\"elementor-menu-toggle\" role=\"button\" tabindex=\"0\" aria-label=\"Alternar menu\" aria-expanded=\"false\">\n\t\t\t<i class=\"eicon-menu-bar\" aria-hidden=\"true\" role=\"presentation\"><\/i>\n\t\t\t<span class=\"elementor-screen-only\">Menu<\/span>\n\t\t<\/div>\n\t\t\t<nav class=\"elementor-nav-menu--dropdown elementor-nav-menu__container\" role=\"navigation\" aria-hidden=\"true\"><ul id=\"menu-2-4f7e8027\" class=\"elementor-nav-menu\"><li class=\"menu-item menu-item-type-post_type menu-item-object-page menu-item-home menu-item-1065\"><a href=\"https:\/\/ot.com.br\/\" class=\"elementor-item\" tabindex=\"-1\"><i class=\"_mi dashicons dashicons-admin-home\" aria-hidden=\"true\" style=\"font-size:2em;vertical-align:text-bottom;\"><\/i><span class=\"visuallyhidden\">Home<\/span><\/a><\/li>\n<li class=\"menu-item menu-item-type-post_type menu-item-object-page menu-item-1154\"><a href=\"https:\/\/ot.com.br\/index.php\/portifolio-teste\/\" class=\"elementor-item\" tabindex=\"-1\">Portf\u00f3lio<\/a><\/li>\n<li class=\"menu-item menu-item-type-post_type menu-item-object-page menu-item-441\"><a href=\"https:\/\/ot.com.br\/index.php\/projetos-e-solucoes\/\" class=\"elementor-item\" tabindex=\"-1\">Servi\u00e7os<\/a><\/li>\n<li class=\"menu-item menu-item-type-post_type menu-item-object-page menu-item-1128\"><a href=\"https:\/\/ot.com.br\/index.php\/clientes\/\" class=\"elementor-item\" tabindex=\"-1\">Clientes<\/a><\/li>\n<li class=\"menu-item menu-item-type-post_type menu-item-object-page menu-item-438\"><a href=\"https:\/\/ot.com.br\/index.php\/home-teste\/parceiros\/\" class=\"elementor-item\" tabindex=\"-1\">Parceiros<\/a><\/li>\n<li class=\"menu-item menu-item-type-post_type menu-item-object-page menu-item-433\"><a href=\"https:\/\/ot.com.br\/index.php\/home-teste\/sobre\/\" class=\"elementor-item\" tabindex=\"-1\">Sobre<\/a><\/li>\n<li class=\"menu-item menu-item-type-post_type menu-item-object-page menu-item-435\"><a href=\"https:\/\/ot.com.br\/index.php\/login\/\" class=\"elementor-item\" tabindex=\"-1\">Login<\/a><\/li>\n<\/ul><\/nav>\n\t\t\t\t<\/div>\n\t\t\t\t<\/div>\n\t\t\t\t\t<\/div>\n\t\t<\/div>\n\t\t\t\t\t\t\t<\/div>\n\t\t<\/section>\n\t\t\t\t<section class=\"elementor-section elementor-top-section elementor-element elementor-element-6dfbd57 elementor-section-boxed elementor-section-height-default elementor-section-height-default\" data-id=\"6dfbd57\" data-element_type=\"section\" data-settings=\"{&quot;background_background&quot;:&quot;classic&quot;}\">\n\t\t\t\t\t\t<div class=\"elementor-container elementor-column-gap-default\">\n\t\t\t\t\t<div class=\"elementor-column elementor-col-100 elementor-top-column elementor-element elementor-element-19175ee\" data-id=\"19175ee\" data-element_type=\"column\">\n\t\t\t<div class=\"elementor-widget-wrap elementor-element-populated\">\n\t\t\t\t\t\t\t\t<div class=\"elementor-element elementor-element-219536b elementor-widget elementor-widget-heading\" data-id=\"219536b\" data-element_type=\"widget\" data-widget_type=\"heading.default\">\n\t\t\t\t<div class=\"elementor-widget-container\">\n\t\t\t<h2 class=\"elementor-heading-title elementor-size-large\">Nossa Hist\u00f3ria<\/h2>\t\t<\/div>\n\t\t\t\t<\/div>\n\t\t\t\t<div class=\"elementor-element elementor-element-fbaf14c elementor-widget elementor-widget-text-editor\" data-id=\"fbaf14c\" data-element_type=\"widget\" data-widget_type=\"text-editor.default\">\n\t\t\t\t<div class=\"elementor-widget-container\">\n\t\t\t\t\t\t\t<p>Fundada em 1997 por um grupo de consultores de TI (Ind\u00fastria financeira) e Telecom (Embratel), h\u00e1 mais de duas d\u00e9cadas a OpenTech vem atuando com destaque em projetos, implementa\u00e7\u00e3o, e sustenta\u00e7\u00e3o de sistemas corporativos e seus componentes de infraestrutura e software. Ao longo do tempo a OpenTech se destacou como parceiro de servi\u00e7os e integra\u00e7\u00e3o de solu\u00e7\u00f5es e sistemas corporativos complexos, conquistando a credibilidade e a confian\u00e7a de grandes empresas no Brasil e no exterior.\u00a0<\/p><p>Hoje a OpenTech conta com uma equipe formada por dezenas de profissionais especialistas, distribu\u00eddos entre profissionais de servi\u00e7os de implementa\u00e7\u00e3o, sustenta\u00e7\u00e3o, servi\u00e7o residente, arquitetos e gestores de projeto. Durante sua trajet\u00f3ria, a OpenTech acumulou uma s\u00e9rie de cases de sucesso, onde criou e implementou solu\u00e7\u00f5es de mercado e solu\u00e7\u00f5es custom inovadoras, proporcionando maior competitividade, efici\u00eancia operacional e redu\u00e7\u00e3o de custos atrav\u00e9s de solu\u00e7\u00f5es voltadas\u00a0 necessidade de clientes e parceiros tecnol\u00f3gicos.<\/p>\t\t\t\t\t\t<\/div>\n\t\t\t\t<\/div>\n\t\t\t\t<div class=\"elementor-element elementor-element-4ae3e76 elementor-widget elementor-widget-image\" data-id=\"4ae3e76\" data-element_type=\"widget\" data-widget_type=\"image.default\">\n\t\t\t\t<div class=\"elementor-widget-container\">\n\t\t\t\t\t\t\t\t\t\t\t\t\t\t\t\t<a href=\"http:\/\/172.16.4.116\/mysite\">\n\t\t\t\t\t\t\t<img loading=\"lazy\" decoding=\"async\" width=\"595\" height=\"236\" src=\"https:\/\/ot.com.br\/wp-content\/uploads\/2021\/07\/Logo_OP-removebg-preview.png\" class=\"attachment-large size-large\" alt=\"\" \/>\t\t\t\t\t\t\t\t<\/a>\n\t\t\t\t\t\t\t\t\t\t\t\t\t\t\t<\/div>\n\t\t\t\t<\/div>\n\t\t\t\t\t<\/div>\n\t\t<\/div>\n\t\t\t\t\t\t\t<\/div>\n\t\t<\/section>\n\t\t\t\t<section class=\"elementor-section elementor-top-section elementor-element elementor-element-abcb129 elementor-section-boxed elementor-section-height-default elementor-section-height-default\" data-id=\"abcb129\" data-element_type=\"section\" data-settings=\"{&quot;background_motion_fx_motion_fx_scrolling&quot;:&quot;yes&quot;,&quot;background_background&quot;:&quot;classic&quot;,&quot;background_motion_fx_devices&quot;:[&quot;desktop&quot;,&quot;tablet&quot;,&quot;mobile&quot;]}\">\n\t\t\t\t\t\t\t<div class=\"elementor-background-overlay\"><\/div>\n\t\t\t\t\t\t\t<div class=\"elementor-container elementor-column-gap-default\">\n\t\t\t\t\t<div class=\"elementor-column elementor-col-50 elementor-top-column elementor-element elementor-element-503ece1\" data-id=\"503ece1\" data-element_type=\"column\">\n\t\t\t<div class=\"elementor-widget-wrap elementor-element-populated\">\n\t\t\t\t\t\t\t\t<div class=\"elementor-element elementor-element-0c138af elementor-widget elementor-widget-heading\" data-id=\"0c138af\" data-element_type=\"widget\" data-widget_type=\"heading.default\">\n\t\t\t\t<div class=\"elementor-widget-container\">\n\t\t\t<h2 class=\"elementor-heading-title elementor-size-large\"><span style=\"color: var( --e-global-color-5889ec3 ); font-family: var( --e-global-typography-primary-font-family ), Myriad Pro; font-size: inherit; font-weight: var( --e-global-typography-primary-font-weight ); background-color: var( --e-global-color-80e54ea );\">Perfil<\/span><\/h2>\t\t<\/div>\n\t\t\t\t<\/div>\n\t\t\t\t<div class=\"elementor-element elementor-element-30d054a elementor-widget elementor-widget-text-editor\" data-id=\"30d054a\" data-element_type=\"widget\" data-widget_type=\"text-editor.default\">\n\t\t\t\t<div class=\"elementor-widget-container\">\n\t\t\t\t\t\t\t<p><em><strong>A OpenTech utiliza todo o seu know how para oferecer solu\u00e7\u00f5es personalizadas de gerenciamento em tecnologia da informa\u00e7\u00e3o, agregando valor e credibilidade aos servi\u00e7os prestados por seus clientes. Sua equipe trabalha de acordo com as normas das melhores pr\u00e1ticas do mercado, como ITIL (Information Technology Infrastructure and Library) e PMBOK, que, dentre outras qualidades, asseguram:<\/strong><\/em><\/p><ul><li><em><strong>Quality Assurance<\/strong><\/em><\/li><li><em><strong>Assessment<\/strong><\/em><\/li><li><em><strong>Documenta\u00e7\u00e3o<\/strong><\/em><\/li><\/ul><p>\u00a0<\/p>\t\t\t\t\t\t<\/div>\n\t\t\t\t<\/div>\n\t\t\t\t\t<\/div>\n\t\t<\/div>\n\t\t\t\t<div class=\"elementor-column elementor-col-50 elementor-top-column elementor-element elementor-element-6706473\" data-id=\"6706473\" data-element_type=\"column\">\n\t\t\t<div class=\"elementor-widget-wrap elementor-element-populated\">\n\t\t\t\t\t\t\t\t<div class=\"elementor-element elementor-element-0bccdc2 elementor-widget elementor-widget-heading\" data-id=\"0bccdc2\" data-element_type=\"widget\" data-widget_type=\"heading.default\">\n\t\t\t\t<div class=\"elementor-widget-container\">\n\t\t\t<h2 class=\"elementor-heading-title elementor-size-large\">Equipe<\/h2>\t\t<\/div>\n\t\t\t\t<\/div>\n\t\t\t\t<div class=\"elementor-element elementor-element-3ac7a1f elementor-widget elementor-widget-text-editor\" data-id=\"3ac7a1f\" data-element_type=\"widget\" data-widget_type=\"text-editor.default\">\n\t\t\t\t<div class=\"elementor-widget-container\">\n\t\t\t\t\t\t\t<p><em><strong>Um dos princ\u00edpios da OpenTech \u00e9 fazer com que sua equipe, tenha plenas condi\u00e7\u00f5es de estar sempre a frente dos constantes avan\u00e7os do mercado, equilibrando potencial humano qualificado com tecnologia de ponta. Por isso a empresa construiu uma base s\u00f3lida formada por profissionais vers\u00e1teis, talentosos e antenados com as \u00faltimas mudan\u00e7as e atualiza\u00e7\u00f5es do setor.<\/strong><\/em><\/p><p><em><b>A OpenTech est\u00e1 sempre renovando seu conhecimento, reciclando suas metodologias,\u00a0 buscando qualifica\u00e7\u00e3o e sempre dando o apoio necess\u00e1rio\u00a0para o desenvolvimento dos seus colaboradores.<\/b><\/em><\/p>\t\t\t\t\t\t<\/div>\n\t\t\t\t<\/div>\n\t\t\t\t\t<\/div>\n\t\t<\/div>\n\t\t\t\t\t\t\t<\/div>\n\t\t<\/section>\n\t\t\t\t<section class=\"elementor-section elementor-top-section elementor-element elementor-element-ada1061 elementor-section-boxed elementor-section-height-default elementor-section-height-default\" data-id=\"ada1061\" data-element_type=\"section\" data-settings=\"{&quot;background_background&quot;:&quot;classic&quot;}\">\n\t\t\t\t\t\t<div class=\"elementor-container elementor-column-gap-default\">\n\t\t\t\t\t<div class=\"elementor-column elementor-col-100 elementor-top-column elementor-element elementor-element-a71ecbe\" data-id=\"a71ecbe\" data-element_type=\"column\">\n\t\t\t<div class=\"elementor-widget-wrap elementor-element-populated\">\n\t\t\t\t\t\t\t\t<div class=\"elementor-element elementor-element-d7b0b2d elementor-widget elementor-widget-heading\" data-id=\"d7b0b2d\" data-element_type=\"widget\" data-widget_type=\"heading.default\">\n\t\t\t\t<div class=\"elementor-widget-container\">\n\t\t\t<h2 class=\"elementor-heading-title elementor-size-large\">Informa\u00e7\u00f5es institucionais<\/h2>\t\t<\/div>\n\t\t\t\t<\/div>\n\t\t\t\t<div class=\"elementor-element elementor-element-ca5fb3b elementor-widget elementor-widget-spacer\" data-id=\"ca5fb3b\" data-element_type=\"widget\" data-widget_type=\"spacer.default\">\n\t\t\t\t<div class=\"elementor-widget-container\">\n\t\t\t\t\t<div class=\"elementor-spacer\">\n\t\t\t<div class=\"elementor-spacer-inner\"><\/div>\n\t\t<\/div>\n\t\t\t\t<\/div>\n\t\t\t\t<\/div>\n\t\t\t\t<div class=\"elementor-element elementor-element-323d55c elementor-widget elementor-widget-text-editor\" data-id=\"323d55c\" data-element_type=\"widget\" data-widget_type=\"text-editor.default\">\n\t\t\t\t<div class=\"elementor-widget-container\">\n\t\t\t\t\t\t\t<p><em><strong>Especializada em prover servi\u00e7os profissionais com diferentes expertises para TI e Telecomunica\u00e7\u00f5es diretamente para clientes finais e primer contractors (Managed Services), Projetos e Deployment (Comissioning), O&amp;M, Managed Services, <\/strong><\/em><em><strong>Servi\u00e7os Residentes e remotos.<\/strong><\/em><\/p>\t\t\t\t\t\t<\/div>\n\t\t\t\t<\/div>\n\t\t\t\t<div class=\"elementor-element elementor-element-a6ce6b6 elementor-align-center elementor-widget elementor-widget-button\" data-id=\"a6ce6b6\" data-element_type=\"widget\" data-widget_type=\"button.default\">\n\t\t\t\t<div class=\"elementor-widget-container\">\n\t\t\t\t\t<div class=\"elementor-button-wrapper\">\n\t\t\t<a href=\"https:\/\/ot.com.br\/index.php\/informacoes-institucionais\/\" class=\"elementor-button-link elementor-button elementor-size-sm elementor-animation-grow\" role=\"button\">\n\t\t\t\t\t\t<span class=\"elementor-button-content-wrapper\">\n\t\t\t\t\t\t<span class=\"elementor-button-text\">Clique aqui<\/span>\n\t\t<\/span>\n\t\t\t\t\t<\/a>\n\t\t<\/div>\n\t\t\t\t<\/div>\n\t\t\t\t<\/div>\n\t\t\t\t<div class=\"elementor-element elementor-element-4eed789 elementor-widget elementor-widget-text-editor\" data-id=\"4eed789\" data-element_type=\"widget\" data-widget_type=\"text-editor.default\">\n\t\t\t\t<div class=\"elementor-widget-container\">\n\t\t\t\t\t\t\t\t\t\t\t\t\t<\/div>\n\t\t\t\t<\/div>\n\t\t\t\t<div class=\"elementor-element elementor-element-1cb6efb elementor-widget elementor-widget-text-editor\" data-id=\"1cb6efb\" data-element_type=\"widget\" data-widget_type=\"text-editor.default\">\n\t\t\t\t<div class=\"elementor-widget-container\">\n\t\t\t\t\t\t\t\t\t\t\t\t\t<\/div>\n\t\t\t\t<\/div>\n\t\t\t\t\t<\/div>\n\t\t<\/div>\n\t\t\t\t\t\t\t<\/div>\n\t\t<\/section>\n\t\t\t\t<section class=\"elementor-section elementor-top-section elementor-element elementor-element-5ab5a302 elementor-section-boxed elementor-section-height-default elementor-section-height-default\" data-id=\"5ab5a302\" data-element_type=\"section\" data-settings=\"{&quot;background_background&quot;:&quot;gradient&quot;}\">\n\t\t\t\t\t\t<div class=\"elementor-container elementor-column-gap-default\">\n\t\t\t\t\t<div class=\"elementor-column elementor-col-33 elementor-top-column elementor-element elementor-element-5fee6f8f\" data-id=\"5fee6f8f\" data-element_type=\"column\">\n\t\t\t<div class=\"elementor-widget-wrap elementor-element-populated\">\n\t\t\t\t\t\t\t\t<div class=\"elementor-element elementor-element-415b4fd elementor-widget elementor-widget-text-editor\" data-id=\"415b4fd\" data-element_type=\"widget\" data-widget_type=\"text-editor.default\">\n\t\t\t\t<div class=\"elementor-widget-container\">\n\t\t\t\t\t\t\t<p><em><strong>Localiza\u00e7\u00e3o<\/strong><\/em><\/p><p><em><strong>Rua Dr. Alfredo de Castro, 200 &#8211; Conj. 806 e 807 &#8211;\u00a0 Barra Funda, S\u00e3o Paulo &#8211; SP, 01155-060<\/strong><\/em><\/p>\t\t\t\t\t\t<\/div>\n\t\t\t\t<\/div>\n\t\t\t\t\t<\/div>\n\t\t<\/div>\n\t\t\t\t<div class=\"elementor-column elementor-col-33 elementor-top-column elementor-element elementor-element-254ebce\" data-id=\"254ebce\" data-element_type=\"column\">\n\t\t\t<div class=\"elementor-widget-wrap elementor-element-populated\">\n\t\t\t\t\t\t\t\t<div class=\"elementor-element elementor-element-cce0eb3 elementor-absolute elementor-widget elementor-widget-text-editor\" data-id=\"cce0eb3\" data-element_type=\"widget\" data-settings=\"{&quot;_position&quot;:&quot;absolute&quot;}\" data-widget_type=\"text-editor.default\">\n\t\t\t\t<div class=\"elementor-widget-container\">\n\t\t\t\t\t\t\t<p><em><strong>Nosso contato<\/strong><\/em><\/p><p><em><strong>Tel (11) 3866-1201<\/strong><\/em><\/p><p><em><strong>Email: opentech@ot.com.br<\/strong><\/em><\/p>\t\t\t\t\t\t<\/div>\n\t\t\t\t<\/div>\n\t\t\t\t\t<\/div>\n\t\t<\/div>\n\t\t\t\t<div class=\"elementor-column elementor-col-33 elementor-top-column elementor-element elementor-element-5b5b5ea0\" data-id=\"5b5b5ea0\" data-element_type=\"column\">\n\t\t\t<div class=\"elementor-widget-wrap elementor-element-populated\">\n\t\t\t\t\t\t\t\t<div class=\"elementor-element elementor-element-58aa0fc elementor-widget elementor-widget-text-editor\" data-id=\"58aa0fc\" data-element_type=\"widget\" data-widget_type=\"text-editor.default\">\n\t\t\t\t<div class=\"elementor-widget-container\">\n\t\t\t\t\t\t\t<p><em><strong>Follow us:<\/strong><\/em><\/p>\t\t\t\t\t\t<\/div>\n\t\t\t\t<\/div>\n\t\t\t\t<div class=\"elementor-element elementor-element-43d894e6 elementor-absolute elementor-shape-rounded elementor-grid-0 e-grid-align-center elementor-widget elementor-widget-social-icons\" data-id=\"43d894e6\" data-element_type=\"widget\" data-settings=\"{&quot;_position&quot;:&quot;absolute&quot;}\" data-widget_type=\"social-icons.default\">\n\t\t\t\t<div class=\"elementor-widget-container\">\n\t\t\t\t\t<div class=\"elementor-social-icons-wrapper elementor-grid\">\n\t\t\t\t\t\t\t<span class=\"elementor-grid-item\">\n\t\t\t\t\t<a class=\"elementor-icon elementor-social-icon elementor-social-icon-linkedin elementor-repeater-item-97c8327\" href=\"https:\/\/br.linkedin.com\/company\/opentech\" target=\"_blank\">\n\t\t\t\t\t\t<span class=\"elementor-screen-only\">Linkedin<\/span>\n\t\t\t\t\t\t<i class=\"fab fa-linkedin\"><\/i>\t\t\t\t\t<\/a>\n\t\t\t\t<\/span>\n\t\t\t\t\t<\/div>\n\t\t\t\t<\/div>\n\t\t\t\t<\/div>\n\t\t\t\t\t<\/div>\n\t\t<\/div>\n\t\t\t\t\t\t\t<\/div>\n\t\t<\/section>\n\t\t\t\t\t\t<\/div>\n\t\t\t\t\t<\/div>\n\t\t","protected":false},"excerpt":{"rendered":"<p>Nossa Hist\u00f3ria Fundada em 1997 por um grupo de consultores de TI (Ind\u00fastria financeira) e Telecom (Embratel), h\u00e1 mais de duas d\u00e9cadas a OpenTech vem atuando com destaque em projetos, implementa\u00e7\u00e3o, e sustenta\u00e7\u00e3o de sistemas corporativos e seus componentes de infraestrutura e software. Ao longo do tempo a OpenTech se destacou como parceiro de servi\u00e7os [&hellip;]<\/p>\n","protected":false},"author":1,"featured_media":0,"parent":228,"menu_order":0,"comment_status":"closed","ping_status":"closed","template":"elementor_canvas","meta":{"footnotes":""},"class_list":["post-419","page","type-page","status-publish","hentry"],"_links":{"self":[{"href":"https:\/\/ot.com.br\/index.php\/wp-json\/wp\/v2\/pages\/419","targetHints":{"allow":["GET"]}}],"collection":[{"href":"https:\/\/ot.com.br\/index.php\/wp-json\/wp\/v2\/pages"}],"about":[{"href":"https:\/\/ot.com.br\/index.php\/wp-json\/wp\/v2\/types\/page"}],"author":[{"embeddable":true,"href":"https:\/\/ot.com.br\/index.php\/wp-json\/wp\/v2\/users\/1"}],"replies":[{"embeddable":true,"href":"https:\/\/ot.com.br\/index.php\/wp-json\/wp\/v2\/comments?post=419"}],"version-history":[{"count":3,"href":"https:\/\/ot.com.br\/index.php\/wp-json\/wp\/v2\/pages\/419\/revisions"}],"predecessor-version":[{"id":3434,"href":"https:\/\/ot.com.br\/index.php\/wp-json\/wp\/v2\/pages\/419\/revisions\/3434"}],"up":[{"embeddable":true,"href":"https:\/\/ot.com.br\/index.php\/wp-json\/wp\/v2\/pages\/228"}],"wp:attachment":[{"href":"https:\/\/ot.com.br\/index.php\/wp-json\/wp\/v2\/media?parent=419"}],"curies":[{"name":"wp","href":"https:\/\/api.w.org\/{rel}","templated":true}]}}